the remainder when 37649 is divided by 542.
251
Calculate the remainder when 135672 is divided by 1020.
12
What is the remainder when 577444 is divided by 16?
4
Calculate the remainder when 7227518 is divided by 920.
918
Calculate the remainder when 41691 is divided by 369.
363
Calculate the remainder when 1098 is divided by 393.
312
Calculate the remainder when 5142 is divided by 53.
1
What is the remainder when 5598 is divided by 641?
470
What is the remainder when 16838 is divided by 421?
419
Calculate the remainder when 23105 is divided by 889.
880
Calculate the remainder when 303955 is divided by 1027.
990
Calculate the remainder when 26174 is divided by 8654.
212
What is the remainder when 77110 is divided by 451?
440
What is the remainder when 42735 is divided by 714?
609
Calculate the remainder when 4257 is divided by 2114.
29
Calculate the remainder when 3492662 is divided by 28.
26
Calculate the remainder when 12363 is divided by 12348.
15
Calculate the remainder when 2693 is divided by 706.
575
Calculate the remainder when 201993 is divided by 355.
353
Calculate the remainder when 100201 is divided by 12525.
1
Calculate the remainder when 4446 is divided by 108.
18
What is the remainder when 4470 is divided by 975?
570
Calculate the remainder when 4325 is divided by 598.
139
Calculate the remainder when 5713 is divided by 5697.
16
Calculate the remainder when 36818 is divided by 33.
23
Calculate the remainder when 3516 is divided by 252.
240
What is the remainder when 7694 is divided by 2505?
179
Calculate the remainder when 9603 is divided by 806.
737
What is the remainder when 101048 is divided by 33656?
80
What is the remainder when 78071 is divided by 287?
7
Calculate the remainder when 34535 is divided by 664.
7
What is the remainder when 5245 is divided by 5236?
9
What is the remainder when 2155526 is divided by 24?
14
What is the remainder when 76946 is divided by 370?
356
Calculate the remainder when 153508 is divided by 34.
32
Calculate the remainder when 34985 is divided by 4995.
20
Calculate the remainder when 342598 is divided by 114199.
1
What is the remainder when 2153 is divided by 597?
362
Calculate the remainder when 18031 is divided by 36.
31
What is the remainder when 28614 is divided by 511?
509
Calculate the remainder when 294626 is divided by 138.
134
Calculate the remainder when 5927 is divided by 45.
32
Calculate the remainder when 12328 is divided by 1237.
1195
What is the remainder when 411385 is divided by 183?
1
What is the remainder when 4030 is divided by 183?
4
What is the remainder when 196293 is divided by 26?
19
Calculate the remainder when 89360 is divided by 677.
673
What is the remainder when 5743 is divided by 301?
24
What is the remainder when 112483 is divided by 344?
339
What is the remainder when 2372 is divided by 102?
26
Calculate the remainder when 460249 is divided by 526.
525
Calculate the remainder when 107684 is divided by 49.
31
Calculate the remainder when 4166 is divided by 61.
18
What is the remainder when 40070 is divided by 20?
10
What is the remainder when 12954 is divided by 38?
34
Calculate the remainder when 806054 is divided by 201511.
10
Calculate the remainder when 26227 is divided by 17.
13
Calculate the remainder when 289636 is divided by 33.
28
What is the remainder when 677901 is divided by 34?
9
What is the remainder when 55481 is divided by 858?
569
Calculate the remainder when 2407 is divided by 2391.
16
What is the remainder when 766191 is divided by 247?
244
What is the remainder when 4507 is divided by 648?
619
What is the remainder when 3631 is divided by 531?
445
Calculate the remainder when 42528 is divided by 199.
141
Calculate the remainder when 10244 is divided by 1315.
1039
What is the remainder when 5367 is divided by 4940?
427
Calculate the remainder when 229 is divided by 72.
13
What is the remainder when 8997 is divided by 8927?
70
What is the remainder when 72505 is divided by 12083?
7
Calculate the remainder when 13668 is divided by 285.
273
What is the remainder when 2026719 is divided by 1060?
1059
Calculate the remainder when 545 is divided by 355.
190
Calculate the remainder when 19621 is divided by 4.
1
Calculate the remainder when 214533 is divided by 12619.
10
What is the remainder when 18819 is divided by 4241?
1855
Calculate the remainder when 215594 is divided by 350.
344
What is the remainder when 96572 is divided by 72?
20
What is the remainder when 32817 is divided by 4680?
57
Calculate the remainder when 3112 is divided by 341.
43
Calculate the remainder when 268 is divided by 133.
2
Calculate the remainder when 72315 is divided by 179.
178
What is the remainder when 315776 is divided by 95?
91
Calculate the remainder when 15309 is divided by 5099.
12
What is the remainder when 35252 is divided by 153?
62
What is the remainder when 4916 is divided by 2159?
598
Calculate the remainder when 552688 is divided by 12.
4
What is the remainder when 13344 is divided by 247?
6
Calculate the remainder when 12411 is divided by 1240.
11
What is the remainder when 11184 is divided by 611?
186
What is the remainder when 2441896 is divided by 1023?
1018
What is the remainder when 11214 is divided by 1034?
874
Calculate the remainder when 56819 is divided by 4.
3
Calculate the remainder when 250574 is divided by 18.
14
What is the remainder when 127761 is divided by 9125?
11
What is the remainder when 101124 is divided by 543?
126
What is the remainder when 10649 is divided by 1330?
9
Calculate the remainder when 4028 is divided by 1346.
1336
What is the remainder when 13361 is divided by 163?
158
What is the remainder when 14532 is divided by 764?
16
What is the remainder when 302853 is divided by 95?
88
Calculate the remainder when 8970265 is divided by 699.
697
What is the remainder when 31734 is divided by 51?
12
Calculate the remainder when 39455 is divided by 137.
136
What is the remainder when 20980 is divided by 725?
680
Calculate the remainder when 298591 is divided by 31.
30
Calculate the remainder when 15521 is divided by 78.
77
Calculate the remainder when 168718 is divided by 6486.
82
Calculate the remainder when 26904 is divided by 170.
44
What is the remainder when 889 is divided by 862?
27
What is the remainder when 5805 is divided by 526?
19
Calculate the remainder when 86897 is divided by 28963.
8
Calculate the remainder when 331267 is divided by 23.
21
Calculate the remainder when 511124 is divided by 687.
683
What is the remainder when 2729841 is divided by 67?
60
What is the remainder when 12721 is divided by 455?
436
Calculate the remainder when 50398 is divided by 1172.
2
Calculate the remainder when 1633737 is divided by 5339.
3
What is the remainder when 20322 is divided by 402?
222
What is the remainder when 29841 is divided by 118?
105
What is the remainder when 22689 is divided by 785?
709
Calculate the remainder when 1368 is divided by 62.
4
What is the remainder when 125660 is divided by 544?
540
Calculate the remainder when 10258 is divided by 98.
66
Calculate the remainder when 1004 is divided by 476.
52
Calculate the remainder when 1195 is divided by 294.
19
What is the remainder when 19196 is divided by 28?
16
Calculate the remainder when 1088 is divided by 232.
160
Calculate the remainder when 2293 is divided by 474.
397
What is the remainder when 228052 is divided by 42?
34
What is the remainder when 682601 is divided by 29?
28
Calculate the remainder when 9784 is divided by 3.
1
Calculate the remainder when 80079 is divided by 10.
9
What is the remainder when 965 is divided by 253?
206
What is the remainder when 18802 is divided by 7?
0
Calculate the remainder when 7107 is divided by 79.
76
Calculate the remainder when 413721 is divided by 67.
63
Calculate the remainder when 287366 is divided by 68.
66
Calculate the remainder when 29875 is divided by 139.
129
What is the remainder when 37252 is divided by 9288?
100
What is the remainder when 18110 is divided by 2010?
20
Calculate the remainder when 127089 is divided by 36.
9
Calculate the remainder when 237380 is divided by 67.
66
What is the remainder when 14129 is divided by 11?
5
Calculate the remainder when 3745 is divided by 2737.
1008
What is the remaind